{"id":437,"date":"2016-03-29T12:34:37","date_gmt":"2016-03-29T10:34:37","guid":{"rendered":"http:\/\/www.rueckenwind-in-wiesbaden.de\/?page_id=437"},"modified":"2016-03-29T12:51:00","modified_gmt":"2016-03-29T10:51:00","slug":"information-for-refugees-arabic","status":"publish","type":"page","link":"http:\/\/www.rueckenwind-in-wiesbaden.de\/index.php\/informationen-fuer-gefluechtete\/information-for-refugees-arabic\/","title":{"rendered":"Information for refugees &#8211; arabic"},"content":{"rendered":"<p><strong>&gt;&gt; Die Initiative R\u00fcckenwind-in-Wiesbaden verschenkt Fahrr\u00e4der an Gefl\u00fcchtete. Warum?<strong><br \/>\n<\/strong>&gt;&gt; \u0645\u0628\u0627\u062f\u0631\u0629<\/strong><strong>\u201cR<\/strong><strong>\u00fcckenwind\u201c <\/strong><strong>\u00a0<\/strong><strong>\u062a\u0647\u062f\u064a \u062f\u0631\u0627\u062c\u0627\u062a \u0647\u0648\u0627\u0626\u064a\u0629 \u0644\u0644\u0627\u062c\u0626\u064a\u0646. \u0644\u0645\u0627\u0630\u0627\u061f<\/strong><strong><br \/>\n<\/strong>\u0646\u062d\u0646 \u0639\u0628\u0627\u0631\u0629 \u0639\u0646 \u0645\u062c\u0645\u0648\u0639\u0629 \u0627\u0634\u062e\u0627\u0635 \u0641\u0631\u062f\u064a\u064a\u0646 \u0648 \u0645\u0628\u0627\u062f\u0631\u064a\u0646 \u0627\u0644\u0630\u064a\u0646 \u0648\u062c\u062f\u0648\u0627 \u0627\u0646\u0641\u0633\u0647\u0645 \u062a\u062d\u062a \u0627\u0633\u0645R\u00fcckenwind \u00a0\u0641\u064a \u0641\u064a\u0633\u0628\u0627\u062f\u0646. \u0646\u062d\u0646 \u0646\u0639\u0644\u0645, \u0623\u0646 \u0648\u0644\u0627 \u0623\u064a \u0625\u0646\u0633\u0627\u0646 \u064a\u0647\u0631\u0628 \u0637\u0648\u0627\u0639\u064a\u0651\u0629. \u0627\u0644\u0639\u062f\u064a\u062f \u0645\u0646 \u0627\u0644\u0644\u0627\u062c\u0626\u064a\u0646 \u0627\u0644\u0630\u064a\u0646 \u0648\u0635\u0644\u0648\u0627 \u0641\u064a\u0633\u0628\u0627\u062f\u0646, \u0648\u0635\u0644\u0648 \u0628\u0639\u062f \u0631\u062d\u0644\u0629 \u0637\u0648\u064a\u0644\u0629, \u0635\u0639\u0628\u0629 \u0628\u0644 \u0648 \u0623\u064a\u0636\u0627\u064b \u062e\u0637\u0631\u0629 \u0641\u064a \u0628\u0639\u0636 \u0627\u0644\u0623\u0648\u0642\u0627\u062a. \u0647\u0630\u0647 \u0627\u0644\u0645\u0639\u0631\u0641\u0629 \u0648 \u0627\u0644\u062c\u0647\u0648\u0632\u064a\u0629 \u0644\u0644\u062a\u0636\u0627\u0645\u0646 \u0647\u064a \u062d\u0627\u0641\u0632 \u0645\u0628\u0627\u062f\u0631\u062a\u0646\u0627 \u201eR\u00fcckenwind\u201c.<br \/>\n\u0646\u062d\u0646 \u0646\u0631\u063a\u0628 \u0628\u062f\u0639\u0645 \u0627\u0644\u0644\u0627\u062c\u0626\u064a\u0646 \u0627\u0644\u0630\u064a\u0646 \u0648\u0635\u0644\u0648 \u0644\u0645\u062f\u064a\u0646\u062a\u0647\u0645 \u0627\u0644\u062c\u062f\u064a\u062f\u0629 \u0641\u064a\u0633\u0628\u0627\u062f\u0646 \u0639\u0646 \u0637\u0631\u064a\u0642 \u0627\u0639\u0645\u0627\u0644 \u0645\u0646\u0638\u0645\u0629 \u0634\u062e\u0635\u064a\u0627\u064b. \u0646\u062d\u0646 \u0646\u0631\u064a\u062f \u0627\u0639\u0637\u0627\u0626\u0643\u0645 \u062f\u0641\u0639\u0629 \u0631\u064a\u0627\u062d \u0645\u0646 \u0627\u0644\u062e\u0644\u0641 \u201eR\u00fcckenwind\u201c. \u0627\u0644\u062f\u0631\u0627\u062c\u0629 \u0627\u0644\u0647\u0648\u0627\u0626\u064a\u0629 \u0647\u064a \u0623\u0648\u0644\u0649 \u0627\u0644\u0641\u0631\u0635 \u0627\u0644\u062a\u064a \u062a\u062c\u0639\u0644 \u062a\u0646\u0642\u0644\u0643\u0645 \u0645\u0645\u0643\u0646 \u0641\u064a \u0645\u062f\u064a\u0646\u062a\u0643\u0645 \u0627\u0644\u062c\u062f\u064a\u062f\u0629 \u0648 \u0628\u0623\u0642\u0644 \u0627\u0644\u062a\u0643\u0627\u0644\u064a\u0641. \u0647\u064a \u0641\u0631\u0635\u0629 \u0644\u0644\u062a\u0639\u0631\u0641 \u0639\u0644\u0649 \u0627\u0644\u0645\u062f\u064a\u0646\u0629 \u0627\u0644\u062c\u062f\u064a\u062f\u0629, \u0644\u0632\u064a\u0627\u0631\u0629 \u0627\u0644\u0623\u0645\u0627\u0643\u0646 \u0627\u0644\u062c\u0645\u064a\u0644\u0629 \u0648 \u0627\u0644\u0623\u062d\u062f\u0627\u062b \u0641\u064a \u0648\u0642\u062a \u0627\u0644\u0641\u0631\u0627\u063a \u0645\u062b\u0644 \u0628\u0627\u0642\u064a \u0633\u0643\u0627\u0646 \u0641\u064a\u0633\u0628\u0627\u062f\u0646 \u0648 \u0623\u064a\u0636\u0627 \u0644\u0635\u0646\u0639 \u0639\u0644\u0627\u0642\u0627\u062a \u0645\u0639 \u0627\u0644\u0623\u062e\u0631\u064a\u0646.<br \/>\n\u0645\u0628\u0627\u062f\u0631\u0629 \u201eR\u00fcckenwind\u201c \u0647\u064a \u0644\u064a\u0633\u062a \u0645\u0624\u0633\u0633\u0629 \u062d\u0643\u0648\u0645\u064a\u0629 \u0623\u0648 \u0625\u0642\u062a\u0635\u0627\u062f\u064a\u0629. \u0647\u064a \u0645\u0628\u0627\u062f\u0631\u0629 \u064a\u062a\u0645 \u0625\u062f\u0627\u0631\u062a\u0647\u0627 \u0645\u0646 \u0642\u0628\u0644 \u0645\u0633\u0627\u0639\u062f\u064a\u0646 \u0648 \u0645\u0633\u0627\u0639\u062f\u0627\u062a \u0628\u0634\u0643\u0644 \u062a\u0637\u0648\u0651\u0639\u064a. \u0647\u0630\u0647 \u0627\u0644\u0645\u0628\u0627\u062f\u0631\u0629 \u064a\u062a\u0645 \u062f\u0639\u0645\u0647\u0627 \u0639\u0646 \u0637\u0631\u064a\u0642 \u0627\u0644\u062f\u0631\u0627\u062c\u0627\u062a \u0627\u0644\u0647\u0648\u0627\u0626\u064a\u0629 \u0627\u0644\u0630\u064a \u064a\u062a\u0628\u0631\u0639 \u0628\u0647\u0627 \u0633\u0643\u0627\u0646 \u0641\u064a\u0633\u0628\u0627\u062f\u0646 \u0648 \u0623\u064a\u0636\u0627 \u0639\u0646 \u0637\u0631\u064a\u0642 \u0627\u0644\u0645\u0627\u0644 \u0627\u0644\u0630\u064a \u064a\u062a\u0645 \u0627\u0644\u062a\u0628\u0631\u0639 \u0628\u0647 \u0644\u0647\u0630\u0647 \u0627\u0644\u0645\u0628\u0627\u062f\u0631\u0629 \u0628\u063a\u0631\u0636 \u062a\u0635\u0644\u064a\u062d \u0627\u0644\u062f\u0631\u0627\u062c\u0627\u062a \u0627\u0644\u0647\u0648\u0627\u0626\u064a\u0629.<\/p>\n<p><strong>&gt;&gt; Was m\u00fcssen Sie als Gefl\u00fcchteter tun, um ein Fahrrad zu erhalten?<br \/>\n&gt;&gt; \u0645\u0627\u0630\u0627 \u064a\u062c\u0628 \u0639\u0644\u064a\u0643 \u0641\u0639\u0644\u0647 \u0643\u0644\u0627\u062c\u0626, \u0644\u0643\u064a \u062a\u062d\u0635\u0644 \u0639\u0644\u0649 \u062f\u0631\u0627\u062c\u0629 \u0647\u0648\u0627\u0626\u064a\u0629\u061f<br \/>\n<\/strong>\u0639\u0646\u062f\u0645\u0627 \u062a\u0631\u064a\u062f \u0627\u0644\u062d\u0635\u0648\u0644 \u0639\u0644\u0649 \u062f\u0631\u0627\u062c\u0629 \u0647\u0648\u0627\u0626\u064a\u0629 \u0645\u0646 \u201eR\u00fcckendwind\u201c, \u0623\u0631\u0633\u0644 \u0644\u0646\u0627 \u0625\u064a\u0645\u064a\u0644 (\u0631\u0633\u0627\u0644\u0629 \u0627\u0644\u0643\u062a\u0631\u0648\u0646\u064a\u0629) \u0639\u0644\u0649 \u0639\u0646\u0648\u0627\u0646 \u0627\u0644\u0628\u0631\u064a\u062f \u0627\u0644\u0625\u0644\u0643\u062a\u0631\u0648\u0646\u064a \u0627\u0644\u062a\u0627\u0644\u064a:\u00a0<a href=\"mailto:mail@rueckenwind-in-wiesbaden.de\">mail(at)rueckenwind-in-wiesbaden.de<\/a><\/p>\n<p>\u0645\u0646 \u0623\u062c\u0644 \u062a\u062d\u0636\u064a\u0631 \u0627\u0644\u062f\u0631\u0627\u062c\u0629 \u0627\u0644\u0647\u0648\u0627\u0626\u064a\u0629 \u0627\u0644\u0645\u0646\u0627\u0633\u0628\u0629 \u0644\u0637\u0644\u0628\u0643\u0645, \u0646\u062d\u062a\u0627\u062c \u0627\u0644\u0645\u0639\u0644\u0648\u0645\u0627\u062a \u0627\u0644\u0627\u062a\u064a\u0629:<br \/>\n1. \u0627\u0633\u0645\u0643 (\u0644\u0643\u064a \u0646\u0633\u062a\u0637\u064a\u0639 \u0645\u0639\u0627\u0644\u062c\u0629 \u0637\u0644\u0628\u0643)<br \/>\n2. \u0647\u0644 \u0623\u0646\u062a \u0630\u0643\u0631 \u0623\u0645 \u0623\u0646\u062b\u0649\u061f (\u0644\u0643\u064a \u0646\u0633\u062a\u0637\u064a\u0639 \u0625\u064a\u062c\u0627\u062f \u0627\u0644\u062f\u0631\u0627\u062c\u0629 \u0630\u0648 \u0627\u0644\u0634\u0643\u0644 \u0627\u0644\u0645\u0646\u0627\u0633\u0628 \u0644\u0643)<br \/>\n3. \u0637\u0648\u0644\u0643 ( \u0644\u0643\u064a \u0646\u062c\u062f \u0627\u0644\u062f\u0631\u0627\u062c\u0629 \u0627\u0644\u0647\u0648\u0627\u0626\u064a\u0629 \u0627\u0644\u0645\u0646\u0627\u0633\u0628\u0629 \u0644\u0637\u0648\u0644\u0643)<br \/>\n4. \u0639\u0645\u0631\u0643 (\u0644\u0643\u064a \u0646\u0633\u062a\u0637\u064a\u0639 \u0625\u064a\u062c\u0627\u062f \u0627\u0644\u062f\u0631\u0627\u062c\u0629 \u0630\u0648 \u0627\u0644\u0634\u0643\u0644 \u0627\u0644\u0645\u0646\u0627\u0633\u0628 \u0644\u0643)<br \/>\n5. \u0639\u0646\u0648\u0627\u0646 \u0628\u0631\u064a\u062f \u0627\u0644\u0643\u062a\u0631\u0648\u0646\u064a \u0623\u0648 \u0631\u0642\u0645 \u0647\u0627\u062a\u0641, \u0627\u0644\u0630\u064a \u0639\u0646 \u0637\u0631\u064a\u0642\u0647 \u064a\u0645\u0643\u0646\u0646\u0627 \u0627\u0644\u062a\u0648\u0627\u0635\u0644 \u0645\u0639 \u0634\u062e\u0635 (\u064a\u062a\u0643\u0644\u0645 \u0627\u0644\u0627\u0646\u0643\u0644\u064a\u0632\u064a\u0629 \u0627\u0648 \u0627\u0644\u0623\u0644\u0645\u0627\u0646\u064a\u0629) \u0644\u0643\u064a \u0646\u062e\u0628\u0631\u0647 \u0628\u0623\u0646\u0646\u0627 \u0642\u062f \u0648\u062c\u062f\u0646\u0627 \u062f\u0631\u0627\u062c\u0629 \u0644\u0643.)<\/p>\n<p><strong>&gt;&gt; Wie organisiert R\u00fcckenwind-in-Wiesbaden die Vergabe der Fahrr\u00e4der an Fl\u00fcchtlinge?<br \/>\n&gt;&gt; \u0643\u064a\u0641 \u062a\u0646\u0638\u0645 <\/strong><strong>\u201eR\u00fcckenwind\u201c<\/strong><strong> \u0639\u0645\u0644\u064a\u0629 \u0625\u0639\u0637\u0627\u0621 \u0627\u0644\u062f\u0631\u0627\u062c\u0627\u062a \u0627\u0644\u0647\u0648\u0627\u0626\u064a\u0629 \u0644\u0644\u0627\u062c\u0626\u064a\u0646\u061f<br \/>\n<\/strong>\u0646\u062d\u0646 \u0646\u0639\u0637\u064a \u0627\u0644\u062f\u0631\u0627\u062c\u0627\u062a \u0627\u0644\u0647\u0648\u0627\u0626\u064a\u0629 \u0628\u0627\u0644\u0625\u0633\u062a\u0646\u0627\u062f \u0644\u0623\u0645\u0631\u064a\u0646. \u0627\u0644\u0623\u0645\u0631 \u0627\u0644\u0623\u0648\u0644 \u0647\u0648 \u0645\u062a\u0649 \u062d\u0635\u0644\u0646\u0627 \u0639\u0644\u0649 \u0637\u0644\u0628 \u0627\u0644\u062d\u0635\u0648\u0644 \u0639\u0644\u0649 \u062f\u0631\u0627\u062c\u0629 \u0647\u0648\u0627\u0626\u064a\u0629 \u0648 \u0627\u0644\u0623\u0645\u0631 \u0627\u0644\u062b\u0627\u0646\u064a \u0647\u0648 \u0639\u0646 \u062a\u0648\u0641\u0651\u0631 \u0627\u0644\u062f\u0631\u0627\u062c\u0629 \u0628\u0627\u0644\u0634\u0643\u0644 \u0648 \u0627\u0644\u062d\u062c\u0645 \u0627\u0644\u0645\u0637\u0644\u0648\u0628. \u0627\u0644\u062f\u0631\u0627\u062c\u0627\u062a \u0627\u0644\u0647\u0648\u0627\u0626\u064a\u0629 \u0627\u0644\u062a\u064a \u0644\u062f\u064a\u0646\u0627 \u0647\u064a \u062a\u0628\u0631\u0639\u0627\u062a \u0645\u0646 \u0633\u0643\u0627\u0646 \u0641\u064a\u0633\u0628\u0627\u062f\u0646 \u0648 \u0644\u0630\u0644\u0643 \u0641\u0647\u064a \u0645\u062a\u0646\u0648\u0639\u0629 \u0643\u062b\u064a\u0631\u0627 \u0645\u0646 \u0646\u0627\u062d\u064a\u0629 \u0627\u0644\u0646\u0648\u0639 \u0648 \u0627\u0644\u0639\u0645\u0631. \u0644\u0630\u0644\u0643 \u0645\u0646 \u0627\u0644\u0645\u0645\u0643\u0646 \u0623\u0646 \u064a\u0633\u062a\u063a\u0631\u0642 \u0627\u0644\u0623\u0645\u0631 \u0639\u062f\u0629 \u0623\u0633\u0627\u0628\u064a\u0639 \u0625\u0644\u0649 \u0623\u0646 \u0646\u062c\u062f \u0627\u0644\u062f\u0631\u0627\u062c\u0629 \u0627\u0644\u0645\u0646\u0627\u0633\u0628\u0629 \u0644\u0643..<\/p>\n<p>\u062c\u0645\u064a\u0639 \u0627\u0644\u062f\u0631\u0627\u062c\u0627\u062a \u0627\u0644\u0647\u0648\u0627\u0626\u064a\u0629 \u0627\u0644\u0645\u0639\u0637\u0627\u0629 \u064a\u0643\u0648\u0646 \u0642\u062f \u062a\u0645 \u0641\u062d\u0635\u0647\u0627 \u0648 \u0627\u0644\u062a\u0623\u0643\u062f \u0645\u0646 \u0623\u0646\u0647\u0627 \u0635\u0627\u0644\u062d\u0629 \u0644\u0644\u0625\u0633\u062a\u062e\u062f\u0627\u0645 \u0648 \u0622\u0645\u0646\u0629. \u0628\u0627\u0644\u0625\u0636\u0627\u0641\u0629 \u0644\u0630\u0644\u0643 \u0633\u0648\u0641 \u062a\u062d\u0635\u0644 \u0639\u0644\u0649 \u0642\u0641\u0644 \u0644\u062f\u0631\u0627\u062c\u062a\u0643 \u0627\u0644\u0647\u0648\u0627\u0626\u064a\u0629 \u0648 \u062e\u0631\u064a\u0637\u0629 \u0644\u0645\u062f\u064a\u0646\u0629 \u0641\u064a\u0633\u0628\u0627\u062f\u0646, \u0644\u0643\u064a \u062a\u0633\u062a\u0637\u064a\u0639 \u0627\u0646 \u062a\u0633\u062a\u062f\u0644 \u0628\u0646\u0641\u0633\u0643 \u0639\u0646 \u0627\u0644\u0623\u0645\u0627\u0643\u0646 \u0641\u064a \u0627\u0644\u0645\u062f\u064a\u0646\u0629 \u0627\u0644\u062c\u062f\u064a\u062f\u0629.<\/p>\n<p><strong>&gt;&gt; Wem geh\u00f6rt das Fahrrad, das Sie von uns bekommen?<br \/>\n&gt;&gt; \u0645\u0646 \u0647\u0648 \u0635\u0627\u062d\u0628 \u0627\u0644\u062f\u0631\u0627\u062c\u0629 \u0627\u0644\u0647\u0648\u0627\u0626\u064a\u0629, \u0627\u0644\u062a\u064a \u062a\u062d\u0635\u0644 \u0639\u0644\u064a\u0647\u0627 \u0645\u0646\u0646\u0627 \u0646\u062d\u0646\u061f<br \/>\n<\/strong>\u0627\u0644\u062f\u0631\u0627\u062c\u0629 \u0627\u0644\u0647\u0648\u0627\u0626\u064a\u0629, \u0627\u0644\u062a\u064a \u062a\u062d\u0635\u0644 \u0639\u0644\u064a\u0647\u0627, \u0646\u062d\u0635\u0644 \u0639\u0644\u064a\u0647\u0627 \u0639\u0646 \u0637\u0631\u064a\u0642 \u0645\u0627\u0644\u0643\u0647\u0627 \u0627\u0644\u0634\u062e\u0635\u064a. \u0633\u0648\u0641 \u062a\u062d\u0635\u0644 \u0639\u0644\u0649 \u062c\u0648\u0627\u0632 \u0628\u0647\u0630\u0647 \u0627\u0644\u062f\u0631\u0627\u062c\u0629 \u0627\u0644\u0647\u0648\u0627\u0626\u064a\u0629, \u0627\u0644\u0630\u064a \u064a\u062d\u062a\u0648\u064a \u0628\u062f\u0627\u062e\u0644\u0647 \u0639\u0644\u0649 \u0645\u0639\u0644\u0648\u0645\u0627\u062a \u062a\u062b\u0628\u062a \u0628\u0623\u0646\u0643 \u0627\u0644\u0645\u0627\u0644\u0643 \u0627\u0644\u0641\u0639\u0644\u064a \u0644\u0647\u0630\u0647 \u0627\u0644\u062f\u0631\u0627\u062c\u0629 \u0627\u0644\u0647\u0648\u0627\u0626\u064a\u0629 \u0648 \u0623\u0646\u0643 \u062d\u0635\u0644\u062a \u0639\u0644\u064a\u0647\u0627 \u0645\u0646 \u201eR\u00fcckenwind\u201c.<br \/>\n<em>\u0639\u0646\u062f\u0645\u0627 \u062a\u0634\u0639\u0631 \u0628\u0623\u0646\u0643 \u0644\u0645 \u062a\u0639\u062f \u0628\u062d\u0627\u062c\u0629 \u0644\u0625\u0633\u062a\u062e\u062f\u0627\u0645 \u062f\u0631\u0627\u062c\u062a\u0643 \u0627\u0644\u0647\u0648\u0627\u0626\u064a\u0629, \u0641\u0623\u0639\u062f\u0647\u0627 \u0625\u0644\u064a\u0646\u0627 \u0631\u062c\u0627\u0621\u064b. \u063a\u064a\u0631\u0643 \u0628\u0643\u0644 \u062a\u0623\u0643\u064a\u062f \u0633\u0648\u0641 \u064a\u0643\u0648\u0646 \u0628\u062d\u0627\u062c\u0629 \u0625\u0644\u064a\u0647\u0627.<\/em><\/p>\n<p><strong>&gt;&gt; Was k\u00f6nnen Sie tun, wenn Ihr Fahrrad kaputt ist?<br \/>\n&gt;&gt; \u0645\u0627\u0630\u0627 \u064a\u0645\u0643\u0646\u0643 \u0641\u0639\u0644\u0647, \u0639\u0646\u062f\u0645\u0627 \u062a\u062a\u0639\u0637\u0651\u0644 \u062f\u0631\u0627\u062c\u062a\u0643 \u0627\u0644\u0647\u0648\u0627\u0626\u064a\u0629\u061f<\/strong><strong><br \/>\n<\/strong>\u064a\u0648\u062c\u062f \u0645\u0627 \u064a\u0633\u0645\u0649 \u0642\u0647\u0648\u0629-\u0627\u0644\u062a\u0635\u0644\u064a\u062d \u0641\u064a \u0641\u064a\u0633\u0628\u0627\u062f\u0646, \u0627\u0644\u0630\u064a\u0646 \u064a\u0633\u0627\u0639\u062f\u0648\u0646 \u0639\u0646 \u0637\u0631\u064a\u0642 \u0627\u0644\u0645\u0639\u0631\u0641\u0629 \u0648 \u062a\u0648\u0641\u0651\u0631 \u0639\u062f\u0629 \u0627\u0644\u062a\u0635\u0644\u064a\u062d \u0628\u0627\u0644\u062a\u0635\u0644\u064a\u062d. \u0642\u0647\u0648\u0629-\u0627\u0644\u062a\u0635\u0644\u064a\u062d \u062a\u0639\u0645\u0644 \u0645\u0646 \u0645\u0628\u062f\u0623 \u0627\u0644\u0645\u0633\u0627\u0639\u062f\u0629 \u0628\u0627\u0644\u0645\u0642\u0627\u0628\u0644: \u0633\u0643\u0627\u0646 \u064a\u0633\u0627\u0639\u062f\u0648\u0646 \u0628\u0639\u0636\u0647\u0645 \u0628\u0639\u0645\u0644\u064a\u0627\u062a \u0627\u0644\u062a\u0635\u0644\u064a\u062d \u0639\u0646 \u0637\u0631\u064a\u0642 \u0627\u062f\u0648\u0627\u062a \u0645\u0646 \u0627\u0644\u062d\u064a\u0627\u0629 \u0627\u0644\u064a\u0648\u0645\u064a\u0629 \u0648 \u0628\u0647\u0630\u0627 \u064a\u0648\u0641\u0651\u0631\u0648\u0646 \u0627\u0644\u0645\u0648\u0627\u062f \u0648 \u0627\u0644\u0645\u0627\u0644. \u0642\u0647\u0648\u0629-\u0627\u0644\u062a\u0635\u0644\u064a\u062d \u062a\u0648\u062c\u062f \u0645\u0631\u062a\u064a\u0646 \u0628\u0627\u0644\u0634\u0647\u0631 \u0641\u064a \u0627\u0644\u0645\u062f\u064a\u0646\u0629 \u0627\u0644\u062f\u0627\u062e\u0644\u064a\u0629 \u0628\u0641\u064a\u0633\u0628\u0627\u062f\u0646 (Wiesbaden Innenstadt). \u0648 \u0628\u0623\u064a\u0629 \u062d\u0627\u0644 \u0645\u0646 \u0627\u0644\u0645\u0633\u0645\u0648\u062d \u0646\u0642\u0644 \u0627\u0644\u062f\u0631\u0627\u062c\u0627\u062a \u0627\u0644\u0647\u0648\u0627\u0626\u064a\u0629 \u0627\u0644\u0645\u0639\u0637\u0648\u0628\u0629 \u062f\u0627\u062e\u0644 \u062d\u0627\u0641\u0644\u0627\u062a \u0627\u0644\u0646\u0642\u0644 \u0627\u0644\u062f\u0627\u062e\u0644\u064a \u0628\u062f\u0648\u0646 \u062a\u0643\u0627\u0644\u064a\u0641 \u0625\u0636\u0627\u0641\u064a\u0629.<br \/>\n<a href=\"http:\/\/rueckenwind-in-wiesbaden.de\/index.php\/fahrradwerkstatt\/\">Repaircafes\u00a0<\/a><\/p>\n<p><strong>&gt;&gt; Sie kennen die deutschen Verkehrsregeln noch nicht?<br \/>\n&gt;&gt; \u0644\u0627 \u062a\u0639\u0644\u0645 \u0625\u0644\u0649 \u0627\u0644\u0623\u0646 \u0642\u0648\u0627\u0646\u064a\u0646 \u0627\u0644\u0633\u064a\u0631 \u0627\u0644\u0623\u0644\u0645\u0627\u0646\u064a\u0629\u061f<br \/>\n<\/strong>\u0627\u0644\u0634\u062e\u0635 \u0627\u0644\u062c\u062f\u064a\u062f \u0647\u0646\u0627 \u0641\u064a \u0623\u0644\u0645\u0627\u0646\u064a\u0627 \u0648 \u0627\u0644\u0630\u064a \u064a\u0631\u063a\u0628 \u0628\u0642\u064a\u0627\u062f\u0629 \u062f\u0631\u0627\u062c\u0629 \u0647\u0648\u0627\u0626\u064a\u0629 \u0644\u0627 \u064a\u0639\u0644\u0645 \u0645\u0646 \u0627\u0644\u0645\u0645\u0643\u0646 \u0642\u0648\u0627\u0646\u064a\u0646 \u0627\u0644\u0633\u064a\u0631. \u0646\u062d\u0646 \u0646\u0639\u0631\u0636 (\u0641\u064a \u062d\u0627\u0644 \u0648\u062c\u0648\u062f \u0627\u0647\u062a\u0645\u0627\u0645) \u062f\u0648\u0631\u0627\u062a \u0644\u062a\u0639\u0644\u064a\u0645 \u0642\u0648\u0627\u0646\u064a\u0646 \u0627\u0644\u0633\u064a\u0631.<br \/>\n<a href=\"http:\/\/rueckenwind-in-wiesbaden.de\/index.php\/fahrradkurse-fuer-gefluechtete\/\">Verkehrsregel-Kurse<\/a><\/p>\n<p><strong>&gt;&gt; Sie m\u00f6chten erst Fahrradfahren lernen?<br \/>\n&gt;&gt; \u0623\u0646\u062a \u062a\u0646\u0648\u064a \u0623\u0648\u0644\u0627\u064b \u062a\u0639\u0644\u0645 \u0642\u064a\u0627\u062f\u0629 \u0627\u0644\u062f\u0631\u0627\u062c\u0629 \u0627\u0644\u0647\u0648\u0627\u0626\u064a\u0629\u061f<br \/>\n<\/strong>\u0628\u0639\u0636 \u0627\u0644\u0623\u0634\u062e\u0627\u0635, \u0627\u0644\u0630\u064a \u064a\u0623\u062a\u0648\u0646 \u0627\u0644\u0649 \u0623\u0644\u0645\u0627\u0646\u064a\u0627, \u0644\u0645 \u062a\u062a\u0648\u0641\u0631 \u0644\u0647\u0645 \u0627\u0644\u0641\u0631\u0635\u0629 \u0645\u0637\u0644\u0642\u0627 \u0644\u062a\u0639\u0644\u0645 \u0642\u064a\u0627\u062f\u0629 \u0627\u0644\u062f\u0631\u0627\u062c\u0629 \u0627\u0644\u0647\u0648\u0627\u0626\u064a\u0629. \u0623\u0648\u0644 \u062f\u0648\u0631\u0629 \u062a\u0639\u0644\u064a\u0645 \u0642\u064a\u0627\u062f\u0629 \u062f\u0631\u0627\u062c\u0629 \u0647\u0648\u0627\u0626\u064a\u0629 \u0628\u0642\u064a\u0627\u062f\u0629 \u0645\u0639\u0644\u0651\u0645, \u0627\u0644\u0630\u064a \u0647\u0648 \u0645\u062e\u062a\u0635 \u0628\u062a\u0639\u0644\u064a\u0645 \u0627\u0644\u0645\u0628\u062a\u062f\u0626\u064a\u0646 \u0627\u0644\u0628\u0627\u0644\u063a\u064a\u0646, \u0642\u062f \u0648\u064f\u062c\u0650\u062f\u064e\u062a \u0628\u0646\u062c\u0627\u062d \u0628\u0627\u0644\u063a \u0648 \u0633\u0648\u0641 \u0646\u062d\u0627\u0648\u0644 \u0627\u0646 \u0646\u0648\u0641\u0651\u0631 \u062f\u0648\u0631\u0627\u062a \u062a\u0639\u0644\u064a\u0645 \u0627\u0636\u0627\u0641\u064a\u0629.<br \/>\n<a href=\"http:\/\/rueckenwind-in-wiesbaden.de\/index.php\/fahrradkurse-fuer-gefluechtete\/\">Fahrradfahr-Kurse<\/a><\/p>\n<p>Als PDF zum Download: <a href=\"http:\/\/www.rueckenwind-in-wiesbaden.de\/wp-content\/uploads\/2016\/03\/Deutsch-und-Arabisch.pdf\">Infos f\u00fcr Gefl\u00fcchtete &#8211; arabisch deutsch<\/a><\/p>\n","protected":false},"excerpt":{"rendered":"<p>&gt;&gt; Die Initiative R\u00fcckenwind-in-Wiesbaden verschenkt Fahrr\u00e4der an Gefl\u00fcchtete. Warum? &gt;&gt; \u0645\u0628\u0627\u062f\u0631\u0629\u201cR\u00fcckenwind\u201c \u00a0\u062a\u0647\u062f\u064a \u062f\u0631\u0627\u062c\u0627\u062a \u0647\u0648\u0627\u0626\u064a\u0629 \u0644\u0644\u0627\u062c\u0626\u064a\u0646. \u0644\u0645\u0627\u0630\u0627\u061f \u0646\u062d\u0646 \u0639\u0628\u0627\u0631\u0629 \u0639\u0646 \u0645\u062c\u0645\u0648\u0639\u0629 \u0627\u0634\u062e\u0627\u0635 \u0641\u0631\u062f\u064a\u064a\u0646 \u0648 \u0645\u0628\u0627\u062f\u0631\u064a\u0646 \u0627\u0644\u0630\u064a\u0646 \u0648\u062c\u062f\u0648\u0627 \u0627\u0646\u0641\u0633\u0647\u0645 \u062a\u062d\u062a \u0627\u0633\u0645R\u00fcckenwind \u00a0\u0641\u064a \u0641\u064a\u0633\u0628\u0627\u062f\u0646. \u0646\u062d\u0646 \u0646\u0639\u0644\u0645, \u0623\u0646 \u0648\u0644\u0627 \u0623\u064a \u0625\u0646\u0633\u0627\u0646 \u064a\u0647\u0631\u0628 \u0637\u0648\u0627\u0639\u064a\u0651\u0629. \u0627\u0644\u0639\u062f\u064a\u062f \u0645\u0646 \u0627\u0644\u0644\u0627\u062c\u0626\u064a\u0646 \u0627\u0644\u0630\u064a\u0646 \u0648\u0635\u0644\u0648\u0627 \u0641\u064a\u0633\u0628\u0627\u062f\u0646, \u0648\u0635\u0644\u0648 \u0628\u0639\u062f \u0631\u062d\u0644\u0629 \u0637\u0648\u064a\u0644\u0629, \u0635\u0639\u0628\u0629 \u0628\u0644 \u0648 \u0623\u064a\u0636\u0627\u064b \u062e\u0637\u0631\u0629 \u0641\u064a &hellip; <a href=\"http:\/\/www.rueckenwind-in-wiesbaden.de\/index.php\/informationen-fuer-gefluechtete\/information-for-refugees-arabic\/\" class=\"more-link\"><span class=\"screen-reader-text\">Information for refugees &#8211; arabic<\/span> weiterlesen<\/a><\/p>\n","protected":false},"author":1,"featured_media":0,"parent":206,"menu_order":0,"comment_status":"closed","ping_status":"open","template":"","meta":[],"_links":{"self":[{"href":"http:\/\/www.rueckenwind-in-wiesbaden.de\/index.php\/wp-json\/wp\/v2\/pages\/437"}],"collection":[{"href":"http:\/\/www.rueckenwind-in-wiesbaden.de\/index.php\/wp-json\/wp\/v2\/pages"}],"about":[{"href":"http:\/\/www.rueckenwind-in-wiesbaden.de\/index.php\/wp-json\/wp\/v2\/types\/page"}],"author":[{"embeddable":true,"href":"http:\/\/www.rueckenwind-in-wiesbaden.de\/index.php\/wp-json\/wp\/v2\/users\/1"}],"replies":[{"embeddable":true,"href":"http:\/\/www.rueckenwind-in-wiesbaden.de\/index.php\/wp-json\/wp\/v2\/comments?post=437"}],"version-history":[{"count":6,"href":"http:\/\/www.rueckenwind-in-wiesbaden.de\/index.php\/wp-json\/wp\/v2\/pages\/437\/revisions"}],"predecessor-version":[{"id":446,"href":"http:\/\/www.rueckenwind-in-wiesbaden.de\/index.php\/wp-json\/wp\/v2\/pages\/437\/revisions\/446"}],"up":[{"embeddable":true,"href":"http:\/\/www.rueckenwind-in-wiesbaden.de\/index.php\/wp-json\/wp\/v2\/pages\/206"}],"wp:attachment":[{"href":"http:\/\/www.rueckenwind-in-wiesbaden.de\/index.php\/wp-json\/wp\/v2\/media?parent=437"}],"curies":[{"name":"wp","href":"https:\/\/api.w.org\/{rel}","templated":true}]}}