{"id":25,"date":"2015-07-12T16:42:00","date_gmt":"2015-07-12T14:42:00","guid":{"rendered":"https:\/\/rueckenwindinwiesbaden.wordpress.com\/?page_id=25"},"modified":"2026-03-29T14:41:41","modified_gmt":"2026-03-29T12:41:41","slug":"home","status":"publish","type":"page","link":"http:\/\/www.rueckenwind-in-wiesbaden.de\/","title":{"rendered":"R\u00fcckenwind in Wiesbaden"},"content":{"rendered":"<p><span style=\"font-size: 20px;\"> <strong>Aktuelles:<\/strong><\/span><\/p>\n<p style=\"text-align: center;\">Hallo alle Radler*innen in Wiesbaden und Umgebung<\/p>\n<p style=\"text-align: center;\">Am Freitag, dem 10.April, starten wir um 15:00 Uhr in unsere<\/p>\n<p style=\"text-align: center;\">15. Radwerkstatt-f\u00fcr-alle-Saison<\/p>\n<p><span style=\"font-size: 15px;\">Gemeinsam mit unseren erfahrenen Schrauber*innen k\u00f6nnt ihr dann wieder jeden Freitag zwischen 15:00 und 18:00 Uhr an unserem Werkstattcontainer im Kulturpark am Schlachthof eure R\u00e4der reparieren und fit f\u00fcrs wilde Wiesbadener Verkehrschaos machen. Kommt vorbei wenn ihr Rat und Tat sucht oder wenn ihr einfach Lust am Schrauben habt und anderen Leuten dabei helfen wollt, ihre R\u00e4der fit zu machen<\/span><strong><span style=\"font-size: 15px;\">.<\/span><\/strong><\/p>\n<hr \/>\n<p><span style=\"font-size: 15px;\">Wegen Platzmangel k\u00f6nnen wir am Schlachthof gerade nur begrenzt Spendenfahrr\u00e4der annehmen. Bietet uns daher bitte nur fahrtaugliche Fahrr\u00e4der an, die nur einen kurzen Check brauchen und rasch weitergegeben werden k\u00f6nnen. Meldet euch hierzu gerne per <\/span><a style=\"font-size: 15px;\" href=\"mailto:mail@rueckenwind-in-wiesbaden.de\">Email<\/a><span style=\"font-size: 15px;\"> an, dann vereinbaren wir einen \u00dcbergabetermin und -ort.<\/span><\/p>\n<hr \/>\n<p><span style=\"font-size: 15px;\"><span style=\"font-size: 20px;\"><strong>Wer wir sind:<\/strong><\/span><br \/>\nWir sind eine Handvoll Wiesbadener*innen, die sich unter dem Namen \u201aR\u00fcckenwind in Wiesbaden\u2018 zusammengefunden haben. Wir wollen gefl\u00fcchteten Menschen eine Portion R\u00fcckenwind geben, eine Geste unserer Solidarit\u00e4t. \u00a0<a href=\"http:\/\/rueckenwind-in-wiesbaden.de\/index.php\/ueber-uns\/\" target=\"_blank\" rel=\"noopener\">mehr&#8230;<\/a><\/span><\/p>\n<hr \/>\n<p><span style=\"font-size: 15px;\"><span style=\"font-size: 20px;\"><strong>Was wir tun:<br \/>\n<\/strong><\/span><\/span><span style=\"font-size: 15px;\">Zu unserem Projekt &#8222;R\u00fcckenwind in Wiesbaden&#8220; geh\u00f6rt:<\/span><\/p>\n<p><span style=\"font-size: 15px;\">\u2022 \u00a0 <span style=\"font-size: 15px;\">die <strong>Vermittlung und Instandsetzung von gebrauchten Fahrr\u00e4dern<\/strong> <a href=\"http:\/\/rueckenwind-in-wiesbaden.de\/index.php\/fahrraeder-fuer-gefluechtete\/\">mehr&#8230;<\/a><br \/>\n\u2022 \u00a0 die Anlaufstelle <strong>R\u00fcckenwind im Kulturpark<\/strong> <a href=\"http:\/\/www.rueckenwind-in-wiesbaden.de\/index.php\/rueckenwind-im-kulturpark\/\">mehr&#8230;<\/a><br \/>\n\u2022\u00a0\u00a0 <span style=\"font-size: 15px;\">eine<strong> offene Werkstatt <\/strong>f\u00fcr alle, die Hilfe dabei gebrauchen k\u00f6nnen <a href=\"http:\/\/rueckenwind-in-wiesbaden.de\/index.php\/fahrradwerkstatt\/\" target=\"_blank\" rel=\"noopener\">mehr&#8230;<\/a><\/span><\/span><\/span><\/p>\n<hr \/>\n<p><span style=\"font-size: 15px;\"><span style=\"font-size: 20px;\"><strong>Du hast weitere Fragen:<\/strong><\/span><br \/>\nSchreib uns an: <u>mail@rueckenwind-in-wiesbaden.de<\/u><\/span><\/p>\n<hr \/>\n<p><span style=\"font-size: 15px;\"><span style=\"font-size: 20px;\"><strong>Du m\u00f6chtest uns unterst\u00fctzen:<\/strong><\/span><br \/>\nF\u00fcr unsere Arbeit sind wir zu 100% auf F\u00f6rdermittel und Spendengelder angewiesen. Wenn du uns unterst\u00fctzen m\u00f6chtest: Hier gehts zu unserer <a href=\"http:\/\/www.rueckenwind-in-wiesbaden.de\/index.php\/fahrraeder-fuer-gefluechtete\/\">Spendenseite<\/a>.<\/span><\/p>\n<hr \/>\n<p><span style=\"font-size: 15px;\"><span style=\"font-size: 20px;\"><strong>Aktuelle F\u00f6rderung:<\/strong><\/span><br \/>\n2023-2024 wurden wir durch das F\u00f6rderprogramm <a href=\"https:\/\/www.ews-schoenau.de\/unser-foerderprogramm\/\" target=\"_blank\" rel=\"noopener\">\u00abSonnencent\u00bb<\/a> der Elektrizit\u00e4tswerke Sch\u00f6nau gef\u00f6rdert, 2024-2025 durch das Umweltministerium Hessen. <\/span><\/p>\n<p style=\"text-align: left;\"><a href=\"https:\/\/www.ews-schoenau.de\/\" target=\"_blank\" rel=\"noopener\"><img decoding=\"async\" loading=\"lazy\" class=\"  wp-image-957 aligncenter\" src=\"http:\/\/www.rueckenwind-in-wiesbaden.de\/wp-content\/uploads\/2023\/05\/ews-logo-claim-rgb-1024x613.jpg\" alt=\"ews-logo-claim-rgb\" width=\"619\" height=\"370\" srcset=\"http:\/\/www.rueckenwind-in-wiesbaden.de\/wp-content\/uploads\/2023\/05\/ews-logo-claim-rgb-1024x613.jpg 1024w, http:\/\/www.rueckenwind-in-wiesbaden.de\/wp-content\/uploads\/2023\/05\/ews-logo-claim-rgb-300x180.jpg 300w, http:\/\/www.rueckenwind-in-wiesbaden.de\/wp-content\/uploads\/2023\/05\/ews-logo-claim-rgb-192x115.jpg 192w\" sizes=\"(max-width: 619px) 100vw, 619px\" \/><\/a><\/p>\n<p><a href=\"http:\/\/www.rueckenwind-in-wiesbaden.de\/wp-content\/uploads\/2025\/10\/IMG_1117.jpeg\"><img decoding=\"async\" loading=\"lazy\" class=\"aligncenter wp-image-1061\" src=\"http:\/\/www.rueckenwind-in-wiesbaden.de\/wp-content\/uploads\/2025\/10\/IMG_1117.jpeg\" alt=\"\" width=\"619\" height=\"322\" srcset=\"http:\/\/www.rueckenwind-in-wiesbaden.de\/wp-content\/uploads\/2025\/10\/IMG_1117.jpeg 412w, http:\/\/www.rueckenwind-in-wiesbaden.de\/wp-content\/uploads\/2025\/10\/IMG_1117-300x156.jpeg 300w, http:\/\/www.rueckenwind-in-wiesbaden.de\/wp-content\/uploads\/2025\/10\/IMG_1117-192x100.jpeg 192w\" sizes=\"(max-width: 619px) 100vw, 619px\" \/><\/a><\/p>\n","protected":false},"excerpt":{"rendered":"<p>Aktuelles: Hallo alle Radler*innen in Wiesbaden und Umgebung Am Freitag, dem 10.April, starten wir um 15:00 Uhr in unsere 15. Radwerkstatt-f\u00fcr-alle-Saison Gemeinsam mit unseren erfahrenen Schrauber*innen k\u00f6nnt ihr dann wieder jeden Freitag zwischen 15:00 und 18:00 Uhr an unserem Werkstattcontainer im Kulturpark am Schlachthof eure R\u00e4der reparieren und fit f\u00fcrs wilde Wiesbadener Verkehrschaos machen. Kommt &hellip; <a href=\"http:\/\/www.rueckenwind-in-wiesbaden.de\/\" class=\"more-link\"><span class=\"screen-reader-text\">R\u00fcckenwind in Wiesbaden<\/span> weiterlesen<\/a><\/p>\n","protected":false},"author":1,"featured_media":0,"parent":0,"menu_order":0,"comment_status":"closed","ping_status":"closed","template":"","meta":[],"_links":{"self":[{"href":"http:\/\/www.rueckenwind-in-wiesbaden.de\/index.php\/wp-json\/wp\/v2\/pages\/25"}],"collection":[{"href":"http:\/\/www.rueckenwind-in-wiesbaden.de\/index.php\/wp-json\/wp\/v2\/pages"}],"about":[{"href":"http:\/\/www.rueckenwind-in-wiesbaden.de\/index.php\/wp-json\/wp\/v2\/types\/page"}],"author":[{"embeddable":true,"href":"http:\/\/www.rueckenwind-in-wiesbaden.de\/index.php\/wp-json\/wp\/v2\/users\/1"}],"replies":[{"embeddable":true,"href":"http:\/\/www.rueckenwind-in-wiesbaden.de\/index.php\/wp-json\/wp\/v2\/comments?post=25"}],"version-history":[{"count":260,"href":"http:\/\/www.rueckenwind-in-wiesbaden.de\/index.php\/wp-json\/wp\/v2\/pages\/25\/revisions"}],"predecessor-version":[{"id":1089,"href":"http:\/\/www.rueckenwind-in-wiesbaden.de\/index.php\/wp-json\/wp\/v2\/pages\/25\/revisions\/1089"}],"wp:attachment":[{"href":"http:\/\/www.rueckenwind-in-wiesbaden.de\/index.php\/wp-json\/wp\/v2\/media?parent=25"}],"curies":[{"name":"wp","href":"https:\/\/api.w.org\/{rel}","templated":true}]}}

Rückenwind in Wiesbaden

<p><span style="font-size: 20px;"> <strong>Aktuelles:</strong></span></p>
<p style="text-align: center;">Hallo alle Radler*innen in Wiesbaden und Umgebung</p>
<p style="text-align: center;">Am Freitag, dem 10.April, starten wir um 15:00 Uhr in unsere</p>
<p style="text-align: center;">15. Radwerkstatt-für-alle-Saison</p>
<p><span style="font-size: 15px;">Gemeinsam mit unseren erfahrenen Schrauber*innen könnt ihr dann wieder jeden Freitag zwischen 15:00 und 18:00 Uhr an unserem Werkstattcontainer im Kulturpark am Schlachthof eure Räder reparieren und fit fürs wilde Wiesbadener Verkehrschaos machen. Kommt vorbei wenn ihr Rat und Tat sucht oder wenn ihr einfach Lust am Schrauben habt und anderen Leuten dabei helfen wollt, ihre Räder fit zu machen</span><strong><span style="font-size: 15px;">.</span></strong></p>
<hr />
<p><span style="font-size: 15px;">Wegen Platzmangel können wir am Schlachthof gerade nur begrenzt Spendenfahrräder annehmen. Bietet uns daher bitte nur fahrtaugliche Fahrräder an, die nur einen kurzen Check brauchen und rasch weitergegeben werden können. Meldet euch hierzu gerne per </span><a style="font-size: 15px;" href="mailto:mail@rueckenwind-in-wiesbaden.de">Email</a><span style="font-size: 15px;"> an, dann vereinbaren wir einen Übergabetermin und -ort.</span></p>
<hr />
<p><span style="font-size: 15px;"><span style="font-size: 20px;"><strong>Wer wir sind:</strong></span><br />
Wir sind eine Handvoll Wiesbadener*innen, die sich unter dem Namen ‚Rückenwind in Wiesbaden‘ zusammengefunden haben. Wir wollen geflüchteten Menschen eine Portion Rückenwind geben, eine Geste unserer Solidarität.  <a href="http://rueckenwind-in-wiesbaden.de/index.php/ueber-uns/" target="_blank" rel="noopener">mehr&#8230;</a></span></p>
<hr />
<p><span style="font-size: 15px;"><span style="font-size: 20px;"><strong>Was wir tun:<br />
</strong></span></span><span style="font-size: 15px;">Zu unserem Projekt &#8222;Rückenwind in Wiesbaden&#8220; gehört:</span></p>
<p><span style="font-size: 15px;">•   <span style="font-size: 15px;">die <strong>Vermittlung und Instandsetzung von gebrauchten Fahrrädern</strong> <a href="http://rueckenwind-in-wiesbaden.de/index.php/fahrraeder-fuer-gefluechtete/">mehr&#8230;</a><br />
•   die Anlaufstelle <strong>Rückenwind im Kulturpark</strong> <a href="http://www.rueckenwind-in-wiesbaden.de/index.php/rueckenwind-im-kulturpark/">mehr&#8230;</a><br />
•   <span style="font-size: 15px;">eine<strong> offene Werkstatt </strong>für alle, die Hilfe dabei gebrauchen können <a href="http://rueckenwind-in-wiesbaden.de/index.php/fahrradwerkstatt/" target="_blank" rel="noopener">mehr&#8230;</a></span></span></span></p>
<hr />
<p><span style="font-size: 15px;"><span style="font-size: 20px;"><strong>Du hast weitere Fragen:</strong></span><br />
Schreib uns an: <u>mail@rueckenwind-in-wiesbaden.de</u></span></p>
<hr />
<p><span style="font-size: 15px;"><span style="font-size: 20px;"><strong>Du möchtest uns unterstützen:</strong></span><br />
Für unsere Arbeit sind wir zu 100% auf Fördermittel und Spendengelder angewiesen. Wenn du uns unterstützen möchtest: Hier gehts zu unserer <a href="http://www.rueckenwind-in-wiesbaden.de/index.php/fahrraeder-fuer-gefluechtete/">Spendenseite</a>.</span></p>
<hr />
<p><span style="font-size: 15px;"><span style="font-size: 20px;"><strong>Aktuelle Förderung:</strong></span><br />
2023-2024 wurden wir durch das Förderprogramm <a href="https://www.ews-schoenau.de/unser-foerderprogramm/" target="_blank" rel="noopener">«Sonnencent»</a> der Elektrizitätswerke Schönau gefördert, 2024-2025 durch das Umweltministerium Hessen. </span></p>
<p style="text-align: left;"><a href="https://www.ews-schoenau.de/" target="_blank" rel="noopener"><img decoding="async" loading="lazy" class="  wp-image-957 aligncenter" src="http://www.rueckenwind-in-wiesbaden.de/wp-content/uploads/2023/05/ews-logo-claim-rgb-1024x613.jpg" alt="ews-logo-claim-rgb" width="619" height="370" srcset="http://www.rueckenwind-in-wiesbaden.de/wp-content/uploads/2023/05/ews-logo-claim-rgb-1024x613.jpg 1024w, http://www.rueckenwind-in-wiesbaden.de/wp-content/uploads/2023/05/ews-logo-claim-rgb-300x180.jpg 300w, http://www.rueckenwind-in-wiesbaden.de/wp-content/uploads/2023/05/ews-logo-claim-rgb-192x115.jpg 192w" sizes="(max-width: 619px) 100vw, 619px" /></a></p>
<p><a href="http://www.rueckenwind-in-wiesbaden.de/wp-content/uploads/2025/10/IMG_1117.jpeg"><img decoding="async" loading="lazy" class="aligncenter wp-image-1061" src="http://www.rueckenwind-in-wiesbaden.de/wp-content/uploads/2025/10/IMG_1117.jpeg" alt="" width="619" height="322" srcset="http://www.rueckenwind-in-wiesbaden.de/wp-content/uploads/2025/10/IMG_1117.jpeg 412w, http://www.rueckenwind-in-wiesbaden.de/wp-content/uploads/2025/10/IMG_1117-300x156.jpeg 300w, http://www.rueckenwind-in-wiesbaden.de/wp-content/uploads/2025/10/IMG_1117-192x100.jpeg 192w" sizes="(max-width: 619px) 100vw, 619px" /></a></p>

<p>Aktuelles: Hallo alle Radler*innen in Wiesbaden und Umgebung Am Freitag, dem 10.April, starten wir um 15:00 Uhr in unsere 15. Radwerkstatt-für-alle-Saison Gemeinsam mit unseren erfahrenen Schrauber*innen könnt ihr dann wieder jeden Freitag zwischen 15:00 und 18:00 Uhr an unserem Werkstattcontainer im Kulturpark am Schlachthof eure Räder reparieren und fit fürs wilde Wiesbadener Verkehrschaos machen. Kommt &hellip; <a href="http://www.rueckenwind-in-wiesbaden.de/" class="more-link"><span class="screen-reader-text">Rückenwind in Wiesbaden</span> weiterlesen</a></p>
